{"version":"1.0","provider_name":"IEG Connection","provider_url":"https:\/\/ieg.com.br\/blog","title":"IEG Connection | L\u00edderes se re\u00fanem na terceira edi\u00e7\u00e3o do SSLF","type":"rich","width":600,"height":338,"html":"<blockquote class=\"wp-embedded-content\" data-secret=\"VdV9tdx3gB\"><a href=\"https:\/\/ieg.com.br\/blog\/lideres-se-reunem-na-terceira-edicao-do-sslf\/\">L\u00edderes se re\u00fanem na terceira edi\u00e7\u00e3o do SSLF<\/a><\/blockquote><iframe sandbox=\"allow-scripts\" security=\"restricted\" src=\"https:\/\/ieg.com.br\/blog\/lideres-se-reunem-na-terceira-edicao-do-sslf\/embed\/#?secret=VdV9tdx3gB\" width=\"600\" height=\"338\" title=\"&#8220;L\u00edderes se re\u00fanem na terceira edi\u00e7\u00e3o do SSLF&#8221; &#8212; IEG Connection\" data-secret=\"VdV9tdx3gB\" frameborder=\"0\" marginwidth=\"0\" marginheight=\"0\" scrolling=\"no\" class=\"wp-embedded-content\"><\/iframe><script type=\"text\/javascript\">\n\/* <![CDATA[ *\/\n\/*! This file is auto-generated *\/\n!function(d,l){\"use strict\";l.querySelector&&d.addEventListener&&\"undefined\"!=typeof URL&&(d.wp=d.wp||{},d.wp.receiveEmbedMessage||(d.wp.receiveEmbedMessage=function(e){var t=e.data;if((t||t.secret||t.message||t.value)&&!\/[^a-zA-Z0-9]\/.test(t.secret)){for(var s,r,n,a=l.querySelectorAll('iframe[data-secret=\"'+t.secret+'\"]'),o=l.querySelectorAll('blockquote[data-secret=\"'+t.secret+'\"]'),c=new RegExp(\"^https?:$\",\"i\"),i=0;i<o.length;i++)o[i].style.display=\"none\";for(i=0;i<a.length;i++)s=a[i],e.source===s.contentWindow&&(s.removeAttribute(\"style\"),\"height\"===t.message?(1e3<(r=parseInt(t.value,10))?r=1e3:~~r<200&&(r=200),s.height=r):\"link\"===t.message&&(r=new URL(s.getAttribute(\"src\")),n=new URL(t.value),c.test(n.protocol))&&n.host===r.host&&l.activeElement===s&&(d.top.location.href=t.value))}},d.addEventListener(\"message\",d.wp.receiveEmbedMessage,!1),l.addEventListener(\"DOMContentLoaded\",function(){for(var e,t,s=l.querySelectorAll(\"iframe.wp-embedded-content\"),r=0;r<s.length;r++)(t=(e=s[r]).getAttribute(\"data-secret\"))||(t=Math.random().toString(36).substring(2,12),e.src+=\"#?secret=\"+t,e.setAttribute(\"data-secret\",t)),e.contentWindow.postMessage({message:\"ready\",secret:t},\"*\")},!1)))}(window,document);\n\/\/# sourceURL=https:\/\/ieg.com.br\/blog\/wp-includes\/js\/wp-embed.min.js\n\/* ]]> *\/\n<\/script>\n","thumbnail_url":"https:\/\/ieg.com.br\/blog\/wp-content\/uploads\/2021\/02\/LOGO_IEG_CONNECTION_1-1.png","thumbnail_width":399,"thumbnail_height":138,"description":"[vc_row][vc_column][vc_column_text] Reunindo cerca de 100 participantes, o Shared Services Leadership Forum 2016 aconteceu no dia 18 de maio, no Centro de Conven\u00e7\u00f5es Milenium, na cidade de S\u00e3o Paulo. Ao todo, mais de 40 empresas participaram do encontro, que contou com debates, palestras e apresenta\u00e7\u00e3o de cases de sucesso. O evento contou com a palestra de [&hellip;]"}

IEG Connection | Líderes se reúnem na terceira edição do SSLF

<blockquote class="wp-embedded-content" data-secret="VdV9tdx3gB"><a href="https://ieg.com.br/blog/lideres-se-reunem-na-terceira-edicao-do-sslf/">Líderes se reúnem na terceira edição do SSLF</a></blockquote><iframe sandbox="allow-scripts" security="restricted" src="https://ieg.com.br/blog/lideres-se-reunem-na-terceira-edicao-do-sslf/embed/#?secret=VdV9tdx3gB" width="600" height="338" title="&#8220;Líderes se reúnem na terceira edição do SSLF&#8221; &#8212; IEG Connection" data-secret="VdV9tdx3gB" frameborder="0" marginwidth="0" marginheight="0" scrolling="no" class="wp-embedded-content"></iframe><script type="text/javascript">
/* <![CDATA[ */
/*! This file is auto-generated */
!function(d,l){"use strict";l.querySelector&&d.addEventListener&&"undefined"!=typeof URL&&(d.wp=d.wp||{},d.wp.receiveEmbedMessage||(d.wp.receiveEmbedMessage=function(e){var t=e.data;if((t||t.secret||t.message||t.value)&&!/[^a-zA-Z0-9]/.test(t.secret)){for(var s,r,n,a=l.querySelectorAll('iframe[data-secret="'+t.secret+'"]'),o=l.querySelectorAll('blockquote[data-secret="'+t.secret+'"]'),c=new RegExp("^https?:$","i"),i=0;i<o.length;i++)o[i].style.display="none";for(i=0;i<a.length;i++)s=a[i],e.source===s.contentWindow&&(s.removeAttribute("style"),"height"===t.message?(1e3<(r=parseInt(t.value,10))?r=1e3:~~r<200&&(r=200),s.height=r):"link"===t.message&&(r=new URL(s.getAttribute("src")),n=new URL(t.value),c.test(n.protocol))&&n.host===r.host&&l.activeElement===s&&(d.top.location.href=t.value))}},d.addEventListener("message",d.wp.receiveEmbedMessage,!1),l.addEventListener("DOMContentLoaded",function(){for(var e,t,s=l.querySelectorAll("iframe.wp-embedded-content"),r=0;r<s.length;r++)(t=(e=s[r]).getAttribute("data-secret"))||(t=Math.random().toString(36).substring(2,12),e.src+="#?secret="+t,e.setAttribute("data-secret",t)),e.contentWindow.postMessage({message:"ready",secret:t},"*")},!1)))}(window,document);
//# sourceURL=https://ieg.com.br/blog/wp-includes/js/wp-embed.min.js
/* ]]> */
</script>

[vc_row][vc_column][vc_column_text] Reunindo cerca de 100 participantes, o Shared Services Leadership Forum 2016 aconteceu no dia 18 de maio, no Centro de Convenções Milenium, na cidade de São Paulo. Ao todo, mais de 40 empresas participaram do encontro, que contou com debates, palestras e apresentação de cases de sucesso. O evento contou com a palestra de [&hellip;]
